at are the prime factors of 5846655?
3, 5, 409, 953
List the prime factors of 676501.
7, 96643
List the prime factors of 216874.
2, 7, 2213
List the prime factors of 714921.
3, 238307
List the prime factors of 173635.
5, 7, 11, 41
List the prime factors of 6932252.
2, 1733063
What are the prime factors of 2724303?
3, 908101
What are the prime factors of 40363?
181, 223
List the prime factors of 718357.
718357
What are the prime factors of 342633?
3, 181, 631
What are the prime factors of 4279653?
3, 7, 67931
List the prime factors of 33523715.
5, 71, 94433
List the prime factors of 6265592.
2, 19, 41221
List the prime factors of 178655.
5, 35731
List the prime factors of 1189399.
23, 51713
List the prime factors of 7072449.
3, 2357483
What are the prime factors of 403697?
7, 101, 571
What are the prime factors of 1760181?
3, 83, 7069
List the prime factors of 1058175.
3, 5, 4703
List the prime factors of 19236.
2, 3, 7, 229
List the prime factors of 31291.
13, 29, 83
What are the prime factors of 958032?
2, 3, 6653
List the prime factors of 1412349.
3, 470783
List the prime factors of 273295.
5, 11, 4969
What are the prime factors of 320171?
353, 907
List the prime factors of 838888.
2, 19, 5519
List the prime factors of 9858775.
5, 31, 12721
What are the prime factors of 168309?
3, 18701
What are the prime factors of 12267?
3, 29, 47
What are the prime factors of 3015792?
2, 3, 13, 179
List the prime factors of 8079221.
1181, 6841
What are the prime factors of 343839?
3, 114613
What are the prime factors of 208863?
3, 23, 1009
List the prime factors of 18702450.
2, 3, 5, 13, 23, 139
List the prime factors of 4945589.
11, 17, 53, 499
List the prime factors of 4363310.
2, 5, 7, 83, 751
List the prime factors of 241645.
5, 31, 1559
What are the prime factors of 2750281?
1019, 2699
List the prime factors of 6926075.
5, 13, 101, 211
What are the prime factors of 16398987?
3, 11, 67, 7417
List the prime factors of 3200581.
3200581
List the prime factors of 2399072.
2, 13, 73, 79
List the prime factors of 410351.
197, 2083
List the prime factors of 9729263.
53, 183571
What are the prime factors of 201306?
2, 3, 7, 4793
List the prime factors of 5525348.
2, 1381337
What are the prime factors of 30367860?
2, 3, 5, 506131
List the prime factors of 15034560.
2, 3, 5, 15661
What are the prime factors of 2311296?
2, 3, 13, 463
List the prime factors of 2294256.
2, 3, 47797
What are the prime factors of 9374384?
2, 585899
List the prime factors of 139063.
59, 2357
List the prime factors of 4957254.
2, 3, 91801
What are the prime factors of 2114?
2, 7, 151
List the prime factors of 18755318.
2, 17, 19, 29033
List the prime factors of 7748689.
13, 596053
What are the prime factors of 19152664?
2, 2394083
What are the prime factors of 894358?
2, 447179
What are the prime factors of 2534609?
7, 11, 32917
List the prime factors of 615008.
2, 19219
What are the prime factors of 225145?
5, 37, 1217
What are the prime factors of 491931?
3, 11, 4969
List the prime factors of 1144292.
2, 286073
List the prime factors of 125300.
2, 5, 7, 179
List the prime factors of 961882.
2, 480941
List the prime factors of 94173.
3, 31391
List the prime factors of 385901.
385901
What are the prime factors of 1391767?
13, 151, 709
What are the prime factors of 4951761?
3, 19, 109, 797
List the prime factors of 12352790.
2, 5, 67, 103, 179
What are the prime factors of 32491157?
23, 1412659
List the prime factors of 68350.
2, 5, 1367
What are the prime factors of 40553?
107, 379
List the prime factors of 4599624.
2, 3, 43, 4457
What are the prime factors of 505238?
2, 29, 31, 281
List the prime factors of 21642750.
2, 3, 5, 9619
List the prime factors of 176126.
2, 83, 1061
What are the prime factors of 1847268?
2, 3, 23, 97
What are the prime factors of 25524206?
2, 127, 317
What are the prime factors of 13682?
2, 6841
List the prime factors of 41474.
2, 89, 233
List the prime factors of 234719.
17, 13807
What are the prime factors of 7467305?
5, 1493461
List the prime factors of 346801.
7, 13, 37, 103
List the prime factors of 11733261.
3, 3911087
List the prime factors of 327131.
7, 17, 2749
List the prime factors of 2548963.
17, 149939
What are the prime factors of 5459742?
2, 3, 53, 59, 97
List the prime factors of 1089553.
59, 313
What are the prime factors of 128652?
2, 3, 71, 151
What are the prime factors of 1093155?
3, 5, 7, 29, 359
What are the prime factors of 256058?
2, 11, 103, 113
What are the prime factors of 11408637?
3, 499, 7621
What are the prime factors of 1205560?
2, 5, 30139
List the prime factors of 1643924.
2, 113, 3637
List the prime factors of 2064650.
2, 5, 7, 17, 347
What are the prime factors of 5999708?
2, 11, 13, 17, 617
List the prime factors of 231242.
2, 11, 23, 457
List the prime factors of 30425559.
3, 71, 83, 1721
What are the prime factors of 7492938?
2, 3, 131, 9533
List the prime factors of 5522057.
5522057
List the prime factors of 16003297.
53, 301949
What are the prime factors of 515890?
2, 5, 23, 2243
What are the prime factors of 17282559?
3, 7, 113, 7283
List the prime factors of 200330.
2, 5, 13, 23, 67
What are the prime factors of 341940?
2, 3, 5, 41, 139
What are the prime factors of 2501332?
2, 109, 5737
List the prime factors of 1563787.
367, 4261
What are the prime factors of 4681100?
2, 5, 46811
List the prime factors of 2550758.
2, 7, 167, 1091
List the prime factors of 17676895.
5, 3535379
List the prime factors of 5922748.
2, 13, 113899
List the prime factors of 2104079.
19, 37, 41, 73
List the prime factors of 14503421.
61, 73, 3257
What are the prime factors of 25565639?
11, 2324149
What are the prime factors of 5076716?
2, 1269179
List the prime factors of 593470.
2, 5, 17, 3491
List the prime factors of 1756427.
37, 1283
What are the prime factors of 2263213?
2263213
What are the prime factors of 253625?
5, 2029
List the prime factors of 2664662.
2, 7, 11, 13
List the prime factors of 1752426.
2, 3, 13, 7489
List the prime factors of 12448409.
2897, 4297
List the prime factors of 40138298.
2, 19, 1056271
List the prime factors of 4749716.
2, 1187429
List the prime factors of 14767206.
2, 3, 29, 84869
List the prime factors of 1488321.
3, 199, 277
What are the prime factors of 198886?
2, 277, 359
List the prime factors of 57466.
2, 59, 487
List the prime factors of 17313788.
2, 19, 409, 557
List the prime factors of 557779.
557779
What are the prime factors of 9330470?
2, 5, 933047
What are the prime factors of 12246436?
2, 3061609
What are the prime factors of 179513?
89, 2017
What are the prime factors of 169892?
2, 42473
What are the prime factors of 37527?
3, 7, 1787
List the prime factors of 151835.
5, 30367
List the prime factors of 443396.
2, 110849
What are the prime factors of 24146703?
3, 7, 383281
What are the prime factors of 14651?
7, 13, 23
What are the prime factors of 52326?
2, 3, 17, 19
List the prime factors of 98402.
2, 49201
List the prime factors of 1311387.
3, 7, 11, 811
List the prime factors of 4987589.
4987589
What are the prime factors of 437854?
2, 73, 2999
List the prime factors of 15640.
2, 5, 17, 23
List the prime factors of 1003939.
317, 3167
What are the prime factors of 131914?
2, 65957
List the prime factors of 18995926.
2, 859, 11057
What are the prime factors of 1669507?
7, 79, 3019
What are the prime factors of 3778152?
2, 3, 7, 43, 523
What are the prime factors of 174260?
2, 5, 8713
What are the prime factors of 936838?
2, 7, 61, 1097
What are the prime factors of 11269496?
2, 7, 53, 3797
What are the prime factors of 913843?
7, 19, 6871
List the prime factors of 4325808.
2, 3, 90121
List the prime factors of 214054.
2, 19, 43, 131
What are the prime factors of 471993?
3, 131, 1201
What are the prime factors of 2257315?
5, 661, 683
What are the prime factors of 127914?
2, 3, 21319
What are the prime factors of 307568?
2, 47, 409
What are the prime factors of 41901?
3, 13967
List the prime factors of 8968834.
2, 7, 640631
What are the prime factors of 14376?
2, 3, 599
What are the prime factors of 22767041?
11, 157, 13183
List the prime factors of 5934714.
2, 3, 989119
What are the prime factors of 1546402?
2, 11, 13, 5407
What are the prime factors of 372743?
7, 7607
List the pr